{"id":1965,"date":"2023-08-05T04:49:09","date_gmt":"2023-08-05T04:49:09","guid":{"rendered":"https:\/\/harmonie-vaals.nl\/blog\/?page_id=1965"},"modified":"2023-08-05T04:52:58","modified_gmt":"2023-08-05T04:52:58","slug":"president-secretaris-en-bestuursleden","status":"publish","type":"page","link":"https:\/\/harmonie-vaals.nl\/blog\/president-secretaris-en-bestuursleden\/","title":{"rendered":"President , Secretaris en Bestuursleden"},"content":{"rendered":"<div class=\"fusion-fullwidth fullwidth-box fusion-builder-row-1 fusion-flex-container has-pattern-background has-mask-background nonhundred-percent-fullwidth non-hundred-percent-height-scrolling\" style=\"--awb-border-radius-top-left:0px;--awb-border-radius-top-right:0px;--awb-border-radius-bottom-right:0px;--awb-border-radius-bottom-left:0px;--awb-flex-wrap:wrap;\" ><div class=\"fusion-builder-row fusion-row fusion-flex-align-items-flex-start fusion-flex-content-wrap\" style=\"max-width:1404px;margin-left: calc(-4% \/ 2 );margin-right: calc(-4% \/ 2 );\"><div class=\"fusion-layout-column fusion_builder_column fusion-builder-column-0 fusion_builder_column_1_1 1_1 fusion-flex-column\" style=\"--awb-bg-size:cover;--awb-width-large:100%;--awb-margin-top-large:0px;--awb-spacing-right-large:1.92%;--awb-margin-bottom-large:20px;--awb-spacing-left-large:1.92%;--awb-width-medium:100%;--awb-order-medium:0;--awb-spacing-right-medium:1.92%;--awb-spacing-left-medium:1.92%;--awb-width-small:100%;--awb-order-small:0;--awb-spacing-right-small:1.92%;--awb-spacing-left-small:1.92%;\"><div class=\"fusion-column-wrapper fusion-column-has-shadow fusion-flex-justify-content-flex-start fusion-content-layout-column\"><div class=\"fusion-text fusion-text-1\"><p><strong style=\"color: var(--awb-text-color); font-family: var(--awb-text-font-family); font-size: var(--awb-font-size); font-style: var(--awb-text-font-style); letter-spacing: var(--awb-letter-spacing); text-align: var(--awb-content-alignment); text-transform: var(--awb-text-transform); background-color: var(--awb-bg-color-hover);\">PRESIDENT \/ VOORZITTERS<\/strong><\/p>\n<\/p>\n<table class=\"'FCK__ShowTableBorders'\" border=\"'0'\">\n<tbody>\n<tr>\n<td>Peter Peil<\/td>\n<td>niet bekend<\/td>\n<td> <\/td>\n<\/tr>\n<tr>\n<td>Johan Deitz<\/td>\n<td>niet bekend<\/td>\n<td> <\/td>\n<\/tr>\n<tr>\n<td>Jos Huppertz<\/td>\n<td>niet bekend<\/td>\n<td> <\/td>\n<\/tr>\n<tr>\n<td>Arnold Krott<\/td>\n<td>tot 1900<\/td>\n<td> <\/td>\n<\/tr>\n<tr>\n<td>Theodor Recker<\/td>\n<td>1900 &#8211; 1904<\/td>\n<td>4 jaar<\/td>\n<\/tr>\n<tr>\n<td>Laurenz Melchiors<\/td>\n<td>1904 &#8211; 1907<\/td>\n<td>3 jaar (1e periode)<\/td>\n<\/tr>\n<tr>\n<td>A. Counotte<\/td>\n<td>1907 &#8211; 1908<\/td>\n<td> <\/td>\n<\/tr>\n<tr>\n<td>Gerard Meesters<\/td>\n<td>1908 &#8211; 1911<\/td>\n<td>3 jaar<\/td>\n<\/tr>\n<tr>\n<td>E. Manns<\/td>\n<td>1911 &#8211; 1912<\/td>\n<td> <\/td>\n<\/tr>\n<tr>\n<td>Laurenz Melchiors<\/td>\n<td>1912 &#8211; 1914<\/td>\n<td>2 jaar (2e periode)<\/td>\n<\/tr>\n<tr>\n<td>Hubert Manns<\/td>\n<td>1914 &#8211; 1932<\/td>\n<td>18 jaar<\/td>\n<\/tr>\n<tr>\n<td>Joseph Creusen<\/td>\n<td>1932 &#8211; 1934<\/td>\n<td>2 jaar<\/td>\n<\/tr>\n<tr>\n<td>Arnold Deitz<\/td>\n<td>1934 &#8211; 1935<\/td>\n<td>(ad interim)<\/td>\n<\/tr>\n<tr>\n<td>Leo Maassen<\/td>\n<td>1935 &#8211; 1948<\/td>\n<td>13 jaar<\/td>\n<\/tr>\n<tr>\n<td>C. Hermans<\/td>\n<td>1949 &#8211; 1952<\/td>\n<td>3 jaar<\/td>\n<\/tr>\n<tr>\n<td>H. Murer<\/td>\n<td>1950 &#8211; 1951<\/td>\n<td>(ad interim)<\/td>\n<\/tr>\n<tr>\n<td>Marcel Evers<\/td>\n<td>1952 &#8211; 1958<\/td>\n<td>6 jaar<\/td>\n<\/tr>\n<tr>\n<td>Anton Gennisse<\/td>\n<td>1958 &#8211; 1967<\/td>\n<td>9 jaar<\/td>\n<\/tr>\n<tr>\n<td>Wiel Caubo<\/td>\n<td>1967 &#8211; 1986<\/td>\n<td>19 jaar<\/td>\n<\/tr>\n<tr>\n<td>Wiel Delnoye<\/td>\n<td>1986 &#8211; 1994<\/td>\n<td>8 jaar<\/td>\n<\/tr>\n<tr>\n<td>Frans Schmetz<\/td>\n<td>1994 &#8211; 1995<\/td>\n<td>(ad interim)<\/td>\n<\/tr>\n<tr>\n<td>Jo Kern<\/td>\n<td>24 sept.1995 &#8211; 2021<\/td>\n<td>25  jaar<\/td>\n<\/tr>\n<tr>\n<td>E. von Wintersdorff<\/td>\n<td> <\/td>\n<td> <\/td>\n<\/tr>\n<\/tbody>\n<\/table>\n<p>Volgens bovenstaande lijst heeft wijlen erepresident, de heer W. Caubo, het langst de voorzittershamer gehanteerd. Helemaal zeker is dit overigens niet, omdat uit de &#8216;Chronik&#8217; niet nauwkeurig te bepalen valt, hoe lang Arnold Krott de functie van voorzitter heeft vervuld.<\/p>\n<\/p>\n<p align=\"'left'\"><strong>SECRETARISSEN<\/strong><\/p>\n<p>Voor 1900 niet bekend<br \/>Laurenz Melchiors 1900 &#8211; 1904, 4 jaar<br \/>G. Gering 1904 &#8211; 1905, 1 jaar<br \/>Theod. Recker 1905 &#8211; 1908, 3 jaar<br \/>Laurenz Melchiors 1908<br \/>Joseph Br\u00f6cheler 1908 &#8211; 1920, 12 jaar (werd toen penningmeester)<br \/>Balth. Erven 1920 &#8211; 1923, 3 jaar<br \/>Wilhelm. Recker 1923 &#8211; 1931, 8 jaar<br \/>Leo Maassen 1931 &#8211; 1935, 4 jaar (werd toen voorzitter)<br \/>Hubert Horsch 1935<br \/>Leo Sparla 1935 &#8211; 1963, 28 jaar<br \/>Peter Murer 1963 &#8211; 1998, 35 jaar<br \/>Marco Fr\u00f6hling 1998 &#8211; 2004, 6 jaar (voorheen 4 jaar 2e penningm. en 2e secr.)<br \/>Huub Gehlen 2004 &#8211; 2007, 3 jaar<br \/>Marco Fr\u00f6hling 2007 &#8211; 2016, 7 jaar<br \/>Claudia Crumbach 2016 &#8211; <\/p>\n<\/p>\n<p align=\"'justify'\"><strong>KASSIRER &#8211; KASSENF\u00fcHRER<\/strong><\/p>\n<\/p>\n<p align=\"'justify'\" style=\"text-align: justify; \">In de beginjaren van de &#8216;Chronik&#8217; treffen we naast elkaar twee voor o\u00adns moeilijk te o\u00adntwarren bestuursfuncties aan, namelijk &#8216;Kassirer en Kassenf\u00fchrer&#8217;. Vermoedelijk verrichtte de &#8220;Kassirer&#8221; het praktische werk van het innen en uitbetalen van gelden, terwijl de Kassenf\u00fchrer de boekhouding verzorgde. Uit de kroniek blijkt dat de Kassenf\u00fchrer veel (wellichtteveel) macht in de vereniging bezat, want hij verdeelde de &#8216;Gesch\u00e4fte&#8217;. Dat kwam hierop neer dat hij bepaalde wie op welke plaats speelde. En omdat met dat spelen geld werd verdiend, was het begrijpelijk dat hier door wrijving tussen de leden kon ontstaan. We zien dan ook dat in de statuten van 1878 een nieuwe functie wordt geschapen, namelijk die van &#8216;Controllf\u00fchrer&#8217; (zie artikel 18 van de Statuten ). De functies &#8220;Kassirer en Kassenf\u00fchrer&#8221; zijn nog lang blijven bestaan, want het jaarverslag van 1904 bijvoorbeeld bevat nog de handtekeningen van beide functionarissen. Pas na 1911 vinden we in de kroniek alleen de Kassirer (penningmeester) terug.<\/p>\n<\/p>\n<p align=\"'justify'\"><strong>PENNINGMEESTERS<\/strong><\/p>\n<p>Th. v. Wintersdorff tot 1908<br \/>Jos. Horsch 1908 &#8211; 1909 1 jaar<br \/>A. Graaf 1909 &#8211; 1911 2 jaar<br \/>Jos. Br\u00f6cheler sr. 1911 &#8211; 1920 9 jaar (was eerst Kassenf\u00fchrer)<br \/>Jos. Br\u00f6cheler jr. 1920 &#8211; 1944 24 jaar (was tevoren secretaris)<br \/>J. Prevoo 1945 &#8211; 1951 6 jaar<br \/>H. Brock 1951 &#8211; 1953 2 jaar<br \/>P. Sparla sr. 1953 &#8211; 1995 42 jaar (vanaf 1981geassisteerd door H. B\u00fclles)<br \/>H. B\u00fclles 1981 &#8211; 2004 23 jaar<br \/>N. Packbeers 2004 &#8211; 2010 6 jaar<br \/>R. Mehlkop 2010 &#8211; 2018 <br \/>T. Gouders<\/p>\n<\/p>\n<p align=\"'justify'\" style=\"text-align: justify; \">Een bijzondere plaats in deze tabellen wordt ingenomen door Peter Sparla senior met een ononderbroken bestuursperiode van niet minder dan 42 jaar. Eigenlijk zelfs 43 jaar want in 1952 heeft hij als assistent van de toenmalige penningmeester, H. Brock, reeds de kasboeken van o\u00adnze vereniging bijgehouden. Met zijn uitmuntende staat van dienst als bestuurslid staat hij op een prachtige eerste plaats en verdient dus met recht de titel erebestuurslid, die hem b.g.v. het Ceciliafeest werd verleend.<\/p>\n<\/p>\n<p align=\"'justify'\"><strong>EREVOORZITTERS <\/strong><\/p>\n<\/p>\n<p align=\"'justify'\">De zeer gewaardeerde titel van erevoorzitter of erepresident hebben in de lange historie van onze vereniging slechts vijf personen mogen voeren:<\/p>\n<\/p>\n<p align=\"'justify'\">Arnold Krott 1901<br \/>Theodor Recker 1924<br \/>Hubert Manns 1936<br \/>Wiel Caubo 1986<br \/>Jo Kern 2021<\/p>\n<\/div><div class=\"fusion-image-element \" style=\"--awb-caption-title-font-family:var(--h2_typography-font-family);--awb-caption-title-font-weight:var(--h2_typography-font-weight);--awb-caption-title-font-style:var(--h2_typography-font-style);--awb-caption-title-size:var(--h2_typography-font-size);--awb-caption-title-transform:var(--h2_typography-text-transform);--awb-caption-title-line-height:var(--h2_typography-line-height);--awb-caption-title-letter-spacing:var(--h2_typography-letter-spacing);\"><span class=\" fusion-imageframe imageframe-none imageframe-1 hover-type-none\"><img decoding=\"async\" width=\"2560\" height=\"1379\" title=\"harmonie1900intro\" src=\"https:\/\/harmonie-vaals.nl\/blog\/wp-content\/uploads\/2023\/08\/harmonie1900intro-scaled.jpg\" data-orig-src=\"https:\/\/harmonie-vaals.nl\/blog\/wp-content\/uploads\/2023\/08\/harmonie1900intro-scaled.jpg\" alt class=\"lazyload img-responsive wp-image-1852\" srcset=\"data:image\/svg+xml,%3Csvg%20xmlns%3D%27http%3A%2F%2Fwww.w3.org%2F2000%2Fsvg%27%20width%3D%272560%27%20height%3D%271379%27%20viewBox%3D%270%200%202560%201379%27%3E%3Crect%20width%3D%272560%27%20height%3D%271379%27%20fill-opacity%3D%220%22%2F%3E%3C%2Fsvg%3E\" data-srcset=\"https:\/\/harmonie-vaals.nl\/blog\/wp-content\/uploads\/2023\/08\/harmonie1900intro-200x108.jpg 200w, https:\/\/harmonie-vaals.nl\/blog\/wp-content\/uploads\/2023\/08\/harmonie1900intro-400x216.jpg 400w, https:\/\/harmonie-vaals.nl\/blog\/wp-content\/uploads\/2023\/08\/harmonie1900intro-600x323.jpg 600w, https:\/\/harmonie-vaals.nl\/blog\/wp-content\/uploads\/2023\/08\/harmonie1900intro-800x431.jpg 800w, https:\/\/harmonie-vaals.nl\/blog\/wp-content\/uploads\/2023\/08\/harmonie1900intro-1200x647.jpg 1200w, https:\/\/harmonie-vaals.nl\/blog\/wp-content\/uploads\/2023\/08\/harmonie1900intro-scaled.jpg 2560w\" data-sizes=\"auto\" data-orig-sizes=\"(max-width: 900px) 100vw, (max-width: 640px) 100vw, 2560px\" \/><\/span><\/div><\/div><\/div><\/div><\/div>\n","protected":false},"excerpt":{"rendered":"","protected":false},"author":1,"featured_media":1852,"parent":0,"menu_order":0,"comment_status":"closed","ping_status":"closed","template":"","meta":{"footnotes":""},"class_list":["post-1965","page","type-page","status-publish","has-post-thumbnail","hentry"],"yoast_head":"<!-- This site is optimized with the Yoast SEO plugin v27.5 - https:\/\/yoast.com\/product\/yoast-seo-wordpress\/ -->\n<title>President , Secretaris en Bestuursleden - Kon. harmonie St. Cecilia 1836 Vaals<\/title>\n<meta name=\"robots\" content=\"index, follow, max-snippet:-1, max-image-preview:large, max-video-preview:-1\" \/>\n<link rel=\"canonical\" href=\"https:\/\/harmonie-vaals.nl\/blog\/president-secretaris-en-bestuursleden\/\" \/>\n<meta property=\"og:locale\" content=\"nl_NL\" \/>\n<meta property=\"og:type\" content=\"article\" \/>\n<meta property=\"og:title\" content=\"President , Secretaris en Bestuursleden - Kon. harmonie St. Cecilia 1836 Vaals\" \/>\n<meta property=\"og:url\" content=\"https:\/\/harmonie-vaals.nl\/blog\/president-secretaris-en-bestuursleden\/\" \/>\n<meta property=\"og:site_name\" content=\"Kon. harmonie St. Cecilia 1836 Vaals\" \/>\n<meta property=\"article:publisher\" content=\"https:\/\/www.facebook.com\/DeMoeziek\/\" \/>\n<meta property=\"article:modified_time\" content=\"2023-08-05T04:52:58+00:00\" \/>\n<meta property=\"og:image\" content=\"https:\/\/harmonie-vaals.nl\/blog\/wp-content\/uploads\/2023\/08\/harmonie1900intro-scaled.jpg\" \/>\n\t<meta property=\"og:image:width\" content=\"2560\" \/>\n\t<meta property=\"og:image:height\" content=\"1379\" \/>\n\t<meta property=\"og:image:type\" content=\"image\/jpeg\" \/>\n<meta name=\"twitter:card\" content=\"summary_large_image\" \/>\n<meta name=\"twitter:label1\" content=\"Geschatte leestijd\" \/>\n\t<meta name=\"twitter:data1\" content=\"6 minuten\" \/>\n<script type=\"application\/ld+json\" class=\"yoast-schema-graph\">{\"@context\":\"https:\\\/\\\/schema.org\",\"@graph\":[{\"@type\":\"WebPage\",\"@id\":\"https:\\\/\\\/harmonie-vaals.nl\\\/blog\\\/president-secretaris-en-bestuursleden\\\/\",\"url\":\"https:\\\/\\\/harmonie-vaals.nl\\\/blog\\\/president-secretaris-en-bestuursleden\\\/\",\"name\":\"President , Secretaris en Bestuursleden - Kon. harmonie St. Cecilia 1836 Vaals\",\"isPartOf\":{\"@id\":\"https:\\\/\\\/harmonie-vaals.nl\\\/blog\\\/#website\"},\"primaryImageOfPage\":{\"@id\":\"https:\\\/\\\/harmonie-vaals.nl\\\/blog\\\/president-secretaris-en-bestuursleden\\\/#primaryimage\"},\"image\":{\"@id\":\"https:\\\/\\\/harmonie-vaals.nl\\\/blog\\\/president-secretaris-en-bestuursleden\\\/#primaryimage\"},\"thumbnailUrl\":\"https:\\\/\\\/harmonie-vaals.nl\\\/blog\\\/wp-content\\\/uploads\\\/2023\\\/08\\\/harmonie1900intro-scaled.jpg\",\"datePublished\":\"2023-08-05T04:49:09+00:00\",\"dateModified\":\"2023-08-05T04:52:58+00:00\",\"breadcrumb\":{\"@id\":\"https:\\\/\\\/harmonie-vaals.nl\\\/blog\\\/president-secretaris-en-bestuursleden\\\/#breadcrumb\"},\"inLanguage\":\"nl-NL\",\"potentialAction\":[{\"@type\":\"ReadAction\",\"target\":[\"https:\\\/\\\/harmonie-vaals.nl\\\/blog\\\/president-secretaris-en-bestuursleden\\\/\"]}]},{\"@type\":\"ImageObject\",\"inLanguage\":\"nl-NL\",\"@id\":\"https:\\\/\\\/harmonie-vaals.nl\\\/blog\\\/president-secretaris-en-bestuursleden\\\/#primaryimage\",\"url\":\"https:\\\/\\\/harmonie-vaals.nl\\\/blog\\\/wp-content\\\/uploads\\\/2023\\\/08\\\/harmonie1900intro-scaled.jpg\",\"contentUrl\":\"https:\\\/\\\/harmonie-vaals.nl\\\/blog\\\/wp-content\\\/uploads\\\/2023\\\/08\\\/harmonie1900intro-scaled.jpg\",\"width\":2560,\"height\":1379},{\"@type\":\"BreadcrumbList\",\"@id\":\"https:\\\/\\\/harmonie-vaals.nl\\\/blog\\\/president-secretaris-en-bestuursleden\\\/#breadcrumb\",\"itemListElement\":[{\"@type\":\"ListItem\",\"position\":1,\"name\":\"Home\",\"item\":\"https:\\\/\\\/harmonie-vaals.nl\\\/blog\\\/\"},{\"@type\":\"ListItem\",\"position\":2,\"name\":\"President , Secretaris en Bestuursleden\"}]},{\"@type\":\"WebSite\",\"@id\":\"https:\\\/\\\/harmonie-vaals.nl\\\/blog\\\/#website\",\"url\":\"https:\\\/\\\/harmonie-vaals.nl\\\/blog\\\/\",\"name\":\"Kon. harmonie St. Cecilia 1836 Vaals\",\"description\":\"De Moeziek. Grenzenloos muziek voor jong en oud.\",\"publisher\":{\"@id\":\"https:\\\/\\\/harmonie-vaals.nl\\\/blog\\\/#organization\"},\"alternateName\":\"De Moeziek\",\"potentialAction\":[{\"@type\":\"SearchAction\",\"target\":{\"@type\":\"EntryPoint\",\"urlTemplate\":\"https:\\\/\\\/harmonie-vaals.nl\\\/blog\\\/?s={search_term_string}\"},\"query-input\":{\"@type\":\"PropertyValueSpecification\",\"valueRequired\":true,\"valueName\":\"search_term_string\"}}],\"inLanguage\":\"nl-NL\"},{\"@type\":\"Organization\",\"@id\":\"https:\\\/\\\/harmonie-vaals.nl\\\/blog\\\/#organization\",\"name\":\"Kon. harmonie St. Cecilia 1836 Vaals\",\"alternateName\":\"Kon. harmonie St. Cecilia 1836 Vaals\",\"url\":\"https:\\\/\\\/harmonie-vaals.nl\\\/blog\\\/\",\"logo\":{\"@type\":\"ImageObject\",\"inLanguage\":\"nl-NL\",\"@id\":\"https:\\\/\\\/harmonie-vaals.nl\\\/blog\\\/#\\\/schema\\\/logo\\\/image\\\/\",\"url\":\"https:\\\/\\\/harmonie-vaals.nl\\\/blog\\\/wp-content\\\/uploads\\\/2023\\\/08\\\/Logo2201835zonderteksttransparantmetwit.png\",\"contentUrl\":\"https:\\\/\\\/harmonie-vaals.nl\\\/blog\\\/wp-content\\\/uploads\\\/2023\\\/08\\\/Logo2201835zonderteksttransparantmetwit.png\",\"width\":100,\"height\":100,\"caption\":\"Kon. harmonie St. Cecilia 1836 Vaals\"},\"image\":{\"@id\":\"https:\\\/\\\/harmonie-vaals.nl\\\/blog\\\/#\\\/schema\\\/logo\\\/image\\\/\"},\"sameAs\":[\"https:\\\/\\\/www.facebook.com\\\/DeMoeziek\\\/\",\"https:\\\/\\\/www.instagram.com\\\/harmonievaals\",\"https:\\\/\\\/soundcloud.com\\\/eric-volders\"]}]}<\/script>\n<!-- \/ Yoast SEO plugin. -->","yoast_head_json":{"title":"President , Secretaris en Bestuursleden - Kon. harmonie St. Cecilia 1836 Vaals","robots":{"index":"index","follow":"follow","max-snippet":"max-snippet:-1","max-image-preview":"max-image-preview:large","max-video-preview":"max-video-preview:-1"},"canonical":"https:\/\/harmonie-vaals.nl\/blog\/president-secretaris-en-bestuursleden\/","og_locale":"nl_NL","og_type":"article","og_title":"President , Secretaris en Bestuursleden - Kon. harmonie St. Cecilia 1836 Vaals","og_url":"https:\/\/harmonie-vaals.nl\/blog\/president-secretaris-en-bestuursleden\/","og_site_name":"Kon. harmonie St. Cecilia 1836 Vaals","article_publisher":"https:\/\/www.facebook.com\/DeMoeziek\/","article_modified_time":"2023-08-05T04:52:58+00:00","og_image":[{"width":2560,"height":1379,"url":"https:\/\/harmonie-vaals.nl\/blog\/wp-content\/uploads\/2023\/08\/harmonie1900intro-scaled.jpg","type":"image\/jpeg"}],"twitter_card":"summary_large_image","twitter_misc":{"Geschatte leestijd":"6 minuten"},"schema":{"@context":"https:\/\/schema.org","@graph":[{"@type":"WebPage","@id":"https:\/\/harmonie-vaals.nl\/blog\/president-secretaris-en-bestuursleden\/","url":"https:\/\/harmonie-vaals.nl\/blog\/president-secretaris-en-bestuursleden\/","name":"President , Secretaris en Bestuursleden - Kon. harmonie St. Cecilia 1836 Vaals","isPartOf":{"@id":"https:\/\/harmonie-vaals.nl\/blog\/#website"},"primaryImageOfPage":{"@id":"https:\/\/harmonie-vaals.nl\/blog\/president-secretaris-en-bestuursleden\/#primaryimage"},"image":{"@id":"https:\/\/harmonie-vaals.nl\/blog\/president-secretaris-en-bestuursleden\/#primaryimage"},"thumbnailUrl":"https:\/\/harmonie-vaals.nl\/blog\/wp-content\/uploads\/2023\/08\/harmonie1900intro-scaled.jpg","datePublished":"2023-08-05T04:49:09+00:00","dateModified":"2023-08-05T04:52:58+00:00","breadcrumb":{"@id":"https:\/\/harmonie-vaals.nl\/blog\/president-secretaris-en-bestuursleden\/#breadcrumb"},"inLanguage":"nl-NL","potentialAction":[{"@type":"ReadAction","target":["https:\/\/harmonie-vaals.nl\/blog\/president-secretaris-en-bestuursleden\/"]}]},{"@type":"ImageObject","inLanguage":"nl-NL","@id":"https:\/\/harmonie-vaals.nl\/blog\/president-secretaris-en-bestuursleden\/#primaryimage","url":"https:\/\/harmonie-vaals.nl\/blog\/wp-content\/uploads\/2023\/08\/harmonie1900intro-scaled.jpg","contentUrl":"https:\/\/harmonie-vaals.nl\/blog\/wp-content\/uploads\/2023\/08\/harmonie1900intro-scaled.jpg","width":2560,"height":1379},{"@type":"BreadcrumbList","@id":"https:\/\/harmonie-vaals.nl\/blog\/president-secretaris-en-bestuursleden\/#breadcrumb","itemListElement":[{"@type":"ListItem","position":1,"name":"Home","item":"https:\/\/harmonie-vaals.nl\/blog\/"},{"@type":"ListItem","position":2,"name":"President , Secretaris en Bestuursleden"}]},{"@type":"WebSite","@id":"https:\/\/harmonie-vaals.nl\/blog\/#website","url":"https:\/\/harmonie-vaals.nl\/blog\/","name":"Kon. harmonie St. Cecilia 1836 Vaals","description":"De Moeziek. Grenzenloos muziek voor jong en oud.","publisher":{"@id":"https:\/\/harmonie-vaals.nl\/blog\/#organization"},"alternateName":"De Moeziek","potentialAction":[{"@type":"SearchAction","target":{"@type":"EntryPoint","urlTemplate":"https:\/\/harmonie-vaals.nl\/blog\/?s={search_term_string}"},"query-input":{"@type":"PropertyValueSpecification","valueRequired":true,"valueName":"search_term_string"}}],"inLanguage":"nl-NL"},{"@type":"Organization","@id":"https:\/\/harmonie-vaals.nl\/blog\/#organization","name":"Kon. harmonie St. Cecilia 1836 Vaals","alternateName":"Kon. harmonie St. Cecilia 1836 Vaals","url":"https:\/\/harmonie-vaals.nl\/blog\/","logo":{"@type":"ImageObject","inLanguage":"nl-NL","@id":"https:\/\/harmonie-vaals.nl\/blog\/#\/schema\/logo\/image\/","url":"https:\/\/harmonie-vaals.nl\/blog\/wp-content\/uploads\/2023\/08\/Logo2201835zonderteksttransparantmetwit.png","contentUrl":"https:\/\/harmonie-vaals.nl\/blog\/wp-content\/uploads\/2023\/08\/Logo2201835zonderteksttransparantmetwit.png","width":100,"height":100,"caption":"Kon. harmonie St. Cecilia 1836 Vaals"},"image":{"@id":"https:\/\/harmonie-vaals.nl\/blog\/#\/schema\/logo\/image\/"},"sameAs":["https:\/\/www.facebook.com\/DeMoeziek\/","https:\/\/www.instagram.com\/harmonievaals","https:\/\/soundcloud.com\/eric-volders"]}]}},"_links":{"self":[{"href":"https:\/\/harmonie-vaals.nl\/blog\/wp-json\/wp\/v2\/pages\/1965","targetHints":{"allow":["GET"]}}],"collection":[{"href":"https:\/\/harmonie-vaals.nl\/blog\/wp-json\/wp\/v2\/pages"}],"about":[{"href":"https:\/\/harmonie-vaals.nl\/blog\/wp-json\/wp\/v2\/types\/page"}],"author":[{"embeddable":true,"href":"https:\/\/harmonie-vaals.nl\/blog\/wp-json\/wp\/v2\/users\/1"}],"replies":[{"embeddable":true,"href":"https:\/\/harmonie-vaals.nl\/blog\/wp-json\/wp\/v2\/comments?post=1965"}],"version-history":[{"count":2,"href":"https:\/\/harmonie-vaals.nl\/blog\/wp-json\/wp\/v2\/pages\/1965\/revisions"}],"predecessor-version":[{"id":1967,"href":"https:\/\/harmonie-vaals.nl\/blog\/wp-json\/wp\/v2\/pages\/1965\/revisions\/1967"}],"wp:featuredmedia":[{"embeddable":true,"href":"https:\/\/harmonie-vaals.nl\/blog\/wp-json\/wp\/v2\/media\/1852"}],"wp:attachment":[{"href":"https:\/\/harmonie-vaals.nl\/blog\/wp-json\/wp\/v2\/media?parent=1965"}],"curies":[{"name":"wp","href":"https:\/\/api.w.org\/{rel}","templated":true}]}}