{"id":1940,"date":"2023-08-04T17:55:04","date_gmt":"2023-08-04T17:55:04","guid":{"rendered":"https:\/\/harmonie-vaals.nl\/blog\/?page_id=1940"},"modified":"2023-08-07T14:38:53","modified_gmt":"2023-08-07T14:38:53","slug":"oudste-foto","status":"publish","type":"page","link":"https:\/\/harmonie-vaals.nl\/blog\/oudste-foto\/","title":{"rendered":"Oudste foto"},"content":{"rendered":"<div class=\"fusion-fullwidth fullwidth-box fusion-builder-row-1 fusion-flex-container has-pattern-background has-mask-background nonhundred-percent-fullwidth non-hundred-percent-height-scrolling\" style=\"--awb-border-radius-top-left:0px;--awb-border-radius-top-right:0px;--awb-border-radius-bottom-right:0px;--awb-border-radius-bottom-left:0px;--awb-flex-wrap:wrap;\" ><div class=\"fusion-builder-row fusion-row fusion-flex-align-items-flex-start fusion-flex-content-wrap\" style=\"max-width:1404px;margin-left: calc(-4% \/ 2 );margin-right: calc(-4% \/ 2 );\"><div class=\"fusion-layout-column fusion_builder_column fusion-builder-column-0 fusion_builder_column_1_1 1_1 fusion-flex-column\" style=\"--awb-bg-size:cover;--awb-width-large:100%;--awb-margin-top-large:0px;--awb-spacing-right-large:1.92%;--awb-margin-bottom-large:20px;--awb-spacing-left-large:1.92%;--awb-width-medium:100%;--awb-order-medium:0;--awb-spacing-right-medium:1.92%;--awb-spacing-left-medium:1.92%;--awb-width-small:100%;--awb-order-small:0;--awb-spacing-right-small:1.92%;--awb-spacing-left-small:1.92%;\"><div class=\"fusion-column-wrapper fusion-column-has-shadow fusion-flex-justify-content-flex-start fusion-content-layout-column\"><div class=\"fusion-text fusion-text-1\"><p align=\"'justify'\"><span class=\"fusion-dropcap dropcap\">Z<\/span>e werd in het jaar 1900 gemaakt bij het huis van burgemeester Ruland. Die ambtswoning stond in de Tentstraat met het huidige huisnummer 69, dat is het huis naast de Cereshoeve. De <mark data-markjs=\"true\">foto<\/mark> werd gemaakt ter gelegenheid van het 60-jarig jubileum van de heer Krott. De bijbehorende namen zijn (van links naar rechts):<\/p>\n<table border=\"'1'\" cellspacing=\"'1'\" cellpadding=\"'1'\" align=\"'left'\">\n<thead>\n<tr>\n<th scope=\"'col'\"><span style=\"color: var(--awb-color5);\">Eerste Rij<\/span><\/th>\n<th scope=\"'col'\"><span style=\"color: var(--awb-color5);\">Tweede Rij<\/span><\/th>\n<th scope=\"'col'\"><span style=\"color: var(--awb-color5);\">Derde Rij<\/span><\/th>\n<\/tr>\n<\/thead>\n<tbody>\n<tr>\n<td>Andreas Counotte<\/td>\n<td>Fried. Gering<\/td>\n<td>Jos. jussen<\/td>\n<\/tr>\n<tr>\n<td>Theod. Recker<\/td>\n<td>Fr. Counotte<\/td>\n<td>Laur. Melchiors<\/td>\n<\/tr>\n<tr>\n<td>Th. v. Wintersdorff<\/td>\n<td>Corn. K\u00fcppers<\/td>\n<td>Hub. Manns<\/td>\n<\/tr>\n<tr>\n<td>Arnold Krott, Jubilaris<\/td>\n<td>Alex. Oudelhoven<\/td>\n<td>Hub Neuss<\/td>\n<\/tr>\n<tr>\n<td>Arnold Keller, dirigent<\/td>\n<td>Jos. Delhaes<\/td>\n<td>Eg. Manns<\/td>\n<\/tr>\n<tr>\n<td>Jos. Br\u00f6cheler<\/td>\n<td>Hub Knauf , vaandeldrager<\/td>\n<td>Wilh. Bock<\/td>\n<\/tr>\n<tr>\n<td>Gerh. Gering<\/td>\n<td>Jac. Frings<\/td>\n<td>Fr. Oudelhoven<\/td>\n<\/tr>\n<tr>\n<td> <\/td>\n<td>Gerard Meesters<\/td>\n<td>Jos. Horsch<\/td>\n<\/tr>\n<tr>\n<td> <\/td>\n<td>Jos. Recker<\/td>\n<td> <\/td>\n<\/tr>\n<tr>\n<td> <\/td>\n<td>Wilh. Hellebrand<\/td>\n<td> <\/td>\n<\/tr>\n<\/tbody>\n<\/table>\n<p align=\"'justify'\">\n<p align=\"'justify'\"><span class=\"fusion-dropcap dropcap\">D<\/span><\/p>\n<div style=\"text-align: justify;\"><span style=\"color: var(--awb-text-color); font-family: var(--awb-text-font-family); font-size: var(--awb-font-size); font-style: var(--awb-text-font-style); font-weight: var(--awb-text-font-weight); letter-spacing: var(--awb-letter-spacing); text-align: var(--awb-content-alignment); text-transform: var(--awb-text-transform); background-color: var(--awb-bg-color);\">e Kon. Harmonie St. Caecilia uit Kerkrade, in de volksmond Auw Harmonie genoemd, is 7 jaar jonger dan o\u00adnze Vaalser harmonie. Bij gelegenheid van haar 150-jarig bestaansfeest heeft deze Kerkraadse vereniging een fraai verzorgd boekje uitgegeven, getiteld: Klankstad in harmonie. In deze lezenswaardige kroniek vond wijlen Hub Deitz een afdruk van een affiche (in het Frans) uit het jaar 1856. Op dit affiche wordt o\u00adnder de deelnemende verenigingen ook de harmonie uit Vaals vermeld. Naar zijn weten is dit het <\/span><mark data-markjs=\"true\" style=\"font-family: var(--awb-text-font-family); font-size: var(--awb-font-size); font-style: var(--awb-text-font-style); font-weight: var(--awb-text-font-weight); letter-spacing: var(--awb-letter-spacing); text-align: var(--awb-content-alignment); text-transform: var(--awb-text-transform);\">oudste<\/mark><span style=\"color: var(--awb-text-color); font-family: var(--awb-text-font-family); font-size: var(--awb-font-size); font-style: var(--awb-text-font-style); font-weight: var(--awb-text-font-weight); letter-spacing: var(--awb-letter-spacing); text-align: var(--awb-content-alignment); text-transform: var(--awb-text-transform); background-color: var(--awb-bg-color);\"> document waarop de naam van o\u00adnze vereniging voorkomt. Als slotstuk van het festival werd door alle aanwezige verenigingen gezamenlijk een mars uitgevoerd, die door de Heer Hanver was gecomponeerd. De samenstellers van bovengenoemde jubileumuitgave hebben veel moeite gedaan om de betreffende mars in oude archieven op te sporen, wat hun helaas niet is gelukt.<\/span><\/div><\/p>\n<\/div><div class=\"fusion-image-element \" style=\"--awb-caption-title-font-family:var(--h2_typography-font-family);--awb-caption-title-font-weight:var(--h2_typography-font-weight);--awb-caption-title-font-style:var(--h2_typography-font-style);--awb-caption-title-size:var(--h2_typography-font-size);--awb-caption-title-transform:var(--h2_typography-text-transform);--awb-caption-title-line-height:var(--h2_typography-line-height);--awb-caption-title-letter-spacing:var(--h2_typography-letter-spacing);\"><span class=\" fusion-imageframe imageframe-none imageframe-1 hover-type-none\"><img decoding=\"async\" width=\"2560\" height=\"1379\" title=\"harmonie1900intro\" src=\"https:\/\/harmonie-vaals.nl\/blog\/wp-content\/uploads\/2023\/08\/harmonie1900intro-scaled.jpg\" data-orig-src=\"https:\/\/harmonie-vaals.nl\/blog\/wp-content\/uploads\/2023\/08\/harmonie1900intro-scaled.jpg\" alt class=\"lazyload img-responsive wp-image-1852\" srcset=\"data:image\/svg+xml,%3Csvg%20xmlns%3D%27http%3A%2F%2Fwww.w3.org%2F2000%2Fsvg%27%20width%3D%272560%27%20height%3D%271379%27%20viewBox%3D%270%200%202560%201379%27%3E%3Crect%20width%3D%272560%27%20height%3D%271379%27%20fill-opacity%3D%220%22%2F%3E%3C%2Fsvg%3E\" data-srcset=\"https:\/\/harmonie-vaals.nl\/blog\/wp-content\/uploads\/2023\/08\/harmonie1900intro-200x108.jpg 200w, https:\/\/harmonie-vaals.nl\/blog\/wp-content\/uploads\/2023\/08\/harmonie1900intro-400x216.jpg 400w, https:\/\/harmonie-vaals.nl\/blog\/wp-content\/uploads\/2023\/08\/harmonie1900intro-600x323.jpg 600w, https:\/\/harmonie-vaals.nl\/blog\/wp-content\/uploads\/2023\/08\/harmonie1900intro-800x431.jpg 800w, https:\/\/harmonie-vaals.nl\/blog\/wp-content\/uploads\/2023\/08\/harmonie1900intro-1200x647.jpg 1200w, https:\/\/harmonie-vaals.nl\/blog\/wp-content\/uploads\/2023\/08\/harmonie1900intro-scaled.jpg 2560w\" data-sizes=\"auto\" data-orig-sizes=\"(max-width: 900px) 100vw, (max-width: 640px) 100vw, 2560px\" \/><\/span><\/div><div class=\"fusion-text fusion-text-2\"><p>In de kroniek is over deze foto nog het volgende te lezen:<\/p>\n<h4 data-fontsize=\"26\" data-lineheight=\"31.2px\" class=\"fusion-responsive-typography-calculated\" style=\"--fontSize: 26; line-height: 1.2;\"><span style=\"color: var(--awb-color5);\">NACHTRAG<\/span><br \/>zur Jubelfeier des Herrn Arn. Krott, 1900<\/h4>\n<p style=\"text-align: justify; \">Um eine bleibende Erinnerung an die seltene Jubelfeier des Jahres 1900 zu erhalten, \u00e4usserten verschiedene Mitglieder den Wunsch, ein Bild zu besitzen, worauf die Caecilien-Harmonie abgebildet sei. Zu verschiedenen malen wurde dieses dann auch im Verein zur Sprache gebracht, und schliesslich war dieses nicht mehr der Wunsch einiger, sondern aller Mitglieder. Um den Mitgliedern nun die Erf\u00fcllung dieses Wunsches zu erleichtern, beschloss der Vorstand, die Gelder welche vom ganzen Verein verdient w\u00fcrden, f\u00fcr die Anfertigung der Bilder zu verwenden, und unternahm gleichzeitig Schritte, einen t\u00fcchtigen Photographen ausfindig zu machen. Nachdem der Vorstand nun alles geregelt hatte, kam Herr R. Jarmer aus Aachen (Friedrich Wilhelm Platz) am 24. September 1900 mit seinem photographischen Apparat nach Vaals und photogaphirte im Garten des Herrn B\u00fcrgermeisters C. Ruland die Gesellschaft ab. Der Vorstand hatte mit Herrn Jarmer akkordiert wie folgt: die erste Aufnahme kostet 20 Mark, jedes weitere Bild 3 Mark, mit dem Versprechen 32 Bilder anfertigen zu lassen. 25 Bilder waren bestimmt f\u00fcr die Vereinsmitglieder, 1 als Schmuck des Vereinslokales, die \u00fcbrigen 6 waren teilweise bestimmt als Geschenk f\u00fcr dem Verein wohlwollende Personen, oder Freunde die sich eins im Voraus bestellt hatten. Herr Jarmer lieferte dann auch die Bilder in verh\u00e4ltnism\u00e4ssig kurzer Zeit in tadellosem Zustande ab, und wurden dann noch einige Bilder f\u00fcr Vereinsfreunde nachgeliefert.<\/p>\n<\/div><\/div><\/div><\/div><\/div>\n","protected":false},"excerpt":{"rendered":"","protected":false},"author":1,"featured_media":1852,"parent":0,"menu_order":0,"comment_status":"closed","ping_status":"closed","template":"","meta":{"footnotes":""},"class_list":["post-1940","page","type-page","status-publish","has-post-thumbnail","hentry"],"yoast_head":"<!-- This site is optimized with the Yoast SEO plugin v27.5 - https:\/\/yoast.com\/product\/yoast-seo-wordpress\/ -->\n<title>Oudste foto - Kon. harmonie St. Cecilia 1836 Vaals<\/title>\n<meta name=\"robots\" content=\"index, follow, max-snippet:-1, max-image-preview:large, max-video-preview:-1\" \/>\n<link rel=\"canonical\" href=\"https:\/\/harmonie-vaals.nl\/blog\/oudste-foto\/\" \/>\n<meta property=\"og:locale\" content=\"nl_NL\" \/>\n<meta property=\"og:type\" content=\"article\" \/>\n<meta property=\"og:title\" content=\"Oudste foto - Kon. harmonie St. Cecilia 1836 Vaals\" \/>\n<meta property=\"og:url\" content=\"https:\/\/harmonie-vaals.nl\/blog\/oudste-foto\/\" \/>\n<meta property=\"og:site_name\" content=\"Kon. harmonie St. Cecilia 1836 Vaals\" \/>\n<meta property=\"article:publisher\" content=\"https:\/\/www.facebook.com\/DeMoeziek\/\" \/>\n<meta property=\"article:modified_time\" content=\"2023-08-07T14:38:53+00:00\" \/>\n<meta property=\"og:image\" content=\"https:\/\/harmonie-vaals.nl\/blog\/wp-content\/uploads\/2023\/08\/harmonie1900intro-scaled.jpg\" \/>\n\t<meta property=\"og:image:width\" content=\"2560\" \/>\n\t<meta property=\"og:image:height\" content=\"1379\" \/>\n\t<meta property=\"og:image:type\" content=\"image\/jpeg\" \/>\n<meta name=\"twitter:card\" content=\"summary_large_image\" \/>\n<meta name=\"twitter:label1\" content=\"Geschatte leestijd\" \/>\n\t<meta name=\"twitter:data1\" content=\"6 minuten\" \/>\n<script type=\"application\/ld+json\" class=\"yoast-schema-graph\">{\"@context\":\"https:\\\/\\\/schema.org\",\"@graph\":[{\"@type\":\"WebPage\",\"@id\":\"https:\\\/\\\/harmonie-vaals.nl\\\/blog\\\/oudste-foto\\\/\",\"url\":\"https:\\\/\\\/harmonie-vaals.nl\\\/blog\\\/oudste-foto\\\/\",\"name\":\"Oudste foto - Kon. harmonie St. Cecilia 1836 Vaals\",\"isPartOf\":{\"@id\":\"https:\\\/\\\/harmonie-vaals.nl\\\/blog\\\/#website\"},\"primaryImageOfPage\":{\"@id\":\"https:\\\/\\\/harmonie-vaals.nl\\\/blog\\\/oudste-foto\\\/#primaryimage\"},\"image\":{\"@id\":\"https:\\\/\\\/harmonie-vaals.nl\\\/blog\\\/oudste-foto\\\/#primaryimage\"},\"thumbnailUrl\":\"https:\\\/\\\/harmonie-vaals.nl\\\/blog\\\/wp-content\\\/uploads\\\/2023\\\/08\\\/harmonie1900intro-scaled.jpg\",\"datePublished\":\"2023-08-04T17:55:04+00:00\",\"dateModified\":\"2023-08-07T14:38:53+00:00\",\"breadcrumb\":{\"@id\":\"https:\\\/\\\/harmonie-vaals.nl\\\/blog\\\/oudste-foto\\\/#breadcrumb\"},\"inLanguage\":\"nl-NL\",\"potentialAction\":[{\"@type\":\"ReadAction\",\"target\":[\"https:\\\/\\\/harmonie-vaals.nl\\\/blog\\\/oudste-foto\\\/\"]}]},{\"@type\":\"ImageObject\",\"inLanguage\":\"nl-NL\",\"@id\":\"https:\\\/\\\/harmonie-vaals.nl\\\/blog\\\/oudste-foto\\\/#primaryimage\",\"url\":\"https:\\\/\\\/harmonie-vaals.nl\\\/blog\\\/wp-content\\\/uploads\\\/2023\\\/08\\\/harmonie1900intro-scaled.jpg\",\"contentUrl\":\"https:\\\/\\\/harmonie-vaals.nl\\\/blog\\\/wp-content\\\/uploads\\\/2023\\\/08\\\/harmonie1900intro-scaled.jpg\",\"width\":2560,\"height\":1379},{\"@type\":\"BreadcrumbList\",\"@id\":\"https:\\\/\\\/harmonie-vaals.nl\\\/blog\\\/oudste-foto\\\/#breadcrumb\",\"itemListElement\":[{\"@type\":\"ListItem\",\"position\":1,\"name\":\"Home\",\"item\":\"https:\\\/\\\/harmonie-vaals.nl\\\/blog\\\/\"},{\"@type\":\"ListItem\",\"position\":2,\"name\":\"Oudste foto\"}]},{\"@type\":\"WebSite\",\"@id\":\"https:\\\/\\\/harmonie-vaals.nl\\\/blog\\\/#website\",\"url\":\"https:\\\/\\\/harmonie-vaals.nl\\\/blog\\\/\",\"name\":\"Kon. harmonie St. Cecilia 1836 Vaals\",\"description\":\"De Moeziek. Grenzenloos muziek voor jong en oud.\",\"publisher\":{\"@id\":\"https:\\\/\\\/harmonie-vaals.nl\\\/blog\\\/#organization\"},\"alternateName\":\"De Moeziek\",\"potentialAction\":[{\"@type\":\"SearchAction\",\"target\":{\"@type\":\"EntryPoint\",\"urlTemplate\":\"https:\\\/\\\/harmonie-vaals.nl\\\/blog\\\/?s={search_term_string}\"},\"query-input\":{\"@type\":\"PropertyValueSpecification\",\"valueRequired\":true,\"valueName\":\"search_term_string\"}}],\"inLanguage\":\"nl-NL\"},{\"@type\":\"Organization\",\"@id\":\"https:\\\/\\\/harmonie-vaals.nl\\\/blog\\\/#organization\",\"name\":\"Kon. harmonie St. Cecilia 1836 Vaals\",\"alternateName\":\"Kon. harmonie St. Cecilia 1836 Vaals\",\"url\":\"https:\\\/\\\/harmonie-vaals.nl\\\/blog\\\/\",\"logo\":{\"@type\":\"ImageObject\",\"inLanguage\":\"nl-NL\",\"@id\":\"https:\\\/\\\/harmonie-vaals.nl\\\/blog\\\/#\\\/schema\\\/logo\\\/image\\\/\",\"url\":\"https:\\\/\\\/harmonie-vaals.nl\\\/blog\\\/wp-content\\\/uploads\\\/2023\\\/08\\\/Logo2201835zonderteksttransparantmetwit.png\",\"contentUrl\":\"https:\\\/\\\/harmonie-vaals.nl\\\/blog\\\/wp-content\\\/uploads\\\/2023\\\/08\\\/Logo2201835zonderteksttransparantmetwit.png\",\"width\":100,\"height\":100,\"caption\":\"Kon. harmonie St. Cecilia 1836 Vaals\"},\"image\":{\"@id\":\"https:\\\/\\\/harmonie-vaals.nl\\\/blog\\\/#\\\/schema\\\/logo\\\/image\\\/\"},\"sameAs\":[\"https:\\\/\\\/www.facebook.com\\\/DeMoeziek\\\/\",\"https:\\\/\\\/www.instagram.com\\\/harmonievaals\",\"https:\\\/\\\/soundcloud.com\\\/eric-volders\"]}]}<\/script>\n<!-- \/ Yoast SEO plugin. -->","yoast_head_json":{"title":"Oudste foto - Kon. harmonie St. Cecilia 1836 Vaals","robots":{"index":"index","follow":"follow","max-snippet":"max-snippet:-1","max-image-preview":"max-image-preview:large","max-video-preview":"max-video-preview:-1"},"canonical":"https:\/\/harmonie-vaals.nl\/blog\/oudste-foto\/","og_locale":"nl_NL","og_type":"article","og_title":"Oudste foto - Kon. harmonie St. Cecilia 1836 Vaals","og_url":"https:\/\/harmonie-vaals.nl\/blog\/oudste-foto\/","og_site_name":"Kon. harmonie St. Cecilia 1836 Vaals","article_publisher":"https:\/\/www.facebook.com\/DeMoeziek\/","article_modified_time":"2023-08-07T14:38:53+00:00","og_image":[{"width":2560,"height":1379,"url":"https:\/\/harmonie-vaals.nl\/blog\/wp-content\/uploads\/2023\/08\/harmonie1900intro-scaled.jpg","type":"image\/jpeg"}],"twitter_card":"summary_large_image","twitter_misc":{"Geschatte leestijd":"6 minuten"},"schema":{"@context":"https:\/\/schema.org","@graph":[{"@type":"WebPage","@id":"https:\/\/harmonie-vaals.nl\/blog\/oudste-foto\/","url":"https:\/\/harmonie-vaals.nl\/blog\/oudste-foto\/","name":"Oudste foto - Kon. harmonie St. Cecilia 1836 Vaals","isPartOf":{"@id":"https:\/\/harmonie-vaals.nl\/blog\/#website"},"primaryImageOfPage":{"@id":"https:\/\/harmonie-vaals.nl\/blog\/oudste-foto\/#primaryimage"},"image":{"@id":"https:\/\/harmonie-vaals.nl\/blog\/oudste-foto\/#primaryimage"},"thumbnailUrl":"https:\/\/harmonie-vaals.nl\/blog\/wp-content\/uploads\/2023\/08\/harmonie1900intro-scaled.jpg","datePublished":"2023-08-04T17:55:04+00:00","dateModified":"2023-08-07T14:38:53+00:00","breadcrumb":{"@id":"https:\/\/harmonie-vaals.nl\/blog\/oudste-foto\/#breadcrumb"},"inLanguage":"nl-NL","potentialAction":[{"@type":"ReadAction","target":["https:\/\/harmonie-vaals.nl\/blog\/oudste-foto\/"]}]},{"@type":"ImageObject","inLanguage":"nl-NL","@id":"https:\/\/harmonie-vaals.nl\/blog\/oudste-foto\/#primaryimage","url":"https:\/\/harmonie-vaals.nl\/blog\/wp-content\/uploads\/2023\/08\/harmonie1900intro-scaled.jpg","contentUrl":"https:\/\/harmonie-vaals.nl\/blog\/wp-content\/uploads\/2023\/08\/harmonie1900intro-scaled.jpg","width":2560,"height":1379},{"@type":"BreadcrumbList","@id":"https:\/\/harmonie-vaals.nl\/blog\/oudste-foto\/#breadcrumb","itemListElement":[{"@type":"ListItem","position":1,"name":"Home","item":"https:\/\/harmonie-vaals.nl\/blog\/"},{"@type":"ListItem","position":2,"name":"Oudste foto"}]},{"@type":"WebSite","@id":"https:\/\/harmonie-vaals.nl\/blog\/#website","url":"https:\/\/harmonie-vaals.nl\/blog\/","name":"Kon. harmonie St. Cecilia 1836 Vaals","description":"De Moeziek. Grenzenloos muziek voor jong en oud.","publisher":{"@id":"https:\/\/harmonie-vaals.nl\/blog\/#organization"},"alternateName":"De Moeziek","potentialAction":[{"@type":"SearchAction","target":{"@type":"EntryPoint","urlTemplate":"https:\/\/harmonie-vaals.nl\/blog\/?s={search_term_string}"},"query-input":{"@type":"PropertyValueSpecification","valueRequired":true,"valueName":"search_term_string"}}],"inLanguage":"nl-NL"},{"@type":"Organization","@id":"https:\/\/harmonie-vaals.nl\/blog\/#organization","name":"Kon. harmonie St. Cecilia 1836 Vaals","alternateName":"Kon. harmonie St. Cecilia 1836 Vaals","url":"https:\/\/harmonie-vaals.nl\/blog\/","logo":{"@type":"ImageObject","inLanguage":"nl-NL","@id":"https:\/\/harmonie-vaals.nl\/blog\/#\/schema\/logo\/image\/","url":"https:\/\/harmonie-vaals.nl\/blog\/wp-content\/uploads\/2023\/08\/Logo2201835zonderteksttransparantmetwit.png","contentUrl":"https:\/\/harmonie-vaals.nl\/blog\/wp-content\/uploads\/2023\/08\/Logo2201835zonderteksttransparantmetwit.png","width":100,"height":100,"caption":"Kon. harmonie St. Cecilia 1836 Vaals"},"image":{"@id":"https:\/\/harmonie-vaals.nl\/blog\/#\/schema\/logo\/image\/"},"sameAs":["https:\/\/www.facebook.com\/DeMoeziek\/","https:\/\/www.instagram.com\/harmonievaals","https:\/\/soundcloud.com\/eric-volders"]}]}},"_links":{"self":[{"href":"https:\/\/harmonie-vaals.nl\/blog\/wp-json\/wp\/v2\/pages\/1940","targetHints":{"allow":["GET"]}}],"collection":[{"href":"https:\/\/harmonie-vaals.nl\/blog\/wp-json\/wp\/v2\/pages"}],"about":[{"href":"https:\/\/harmonie-vaals.nl\/blog\/wp-json\/wp\/v2\/types\/page"}],"author":[{"embeddable":true,"href":"https:\/\/harmonie-vaals.nl\/blog\/wp-json\/wp\/v2\/users\/1"}],"replies":[{"embeddable":true,"href":"https:\/\/harmonie-vaals.nl\/blog\/wp-json\/wp\/v2\/comments?post=1940"}],"version-history":[{"count":4,"href":"https:\/\/harmonie-vaals.nl\/blog\/wp-json\/wp\/v2\/pages\/1940\/revisions"}],"predecessor-version":[{"id":2610,"href":"https:\/\/harmonie-vaals.nl\/blog\/wp-json\/wp\/v2\/pages\/1940\/revisions\/2610"}],"wp:featuredmedia":[{"embeddable":true,"href":"https:\/\/harmonie-vaals.nl\/blog\/wp-json\/wp\/v2\/media\/1852"}],"wp:attachment":[{"href":"https:\/\/harmonie-vaals.nl\/blog\/wp-json\/wp\/v2\/media?parent=1940"}],"curies":[{"name":"wp","href":"https:\/\/api.w.org\/{rel}","templated":true}]}}